{"id":488,"date":"2013-09-25T19:10:42","date_gmt":"2013-09-25T17:10:42","guid":{"rendered":"http:\/\/foerderverein-sophie-scholl-schule.de\/?page_id=488"},"modified":"2017-09-25T09:49:13","modified_gmt":"2017-09-25T07:49:13","slug":"bruchstrassenfest","status":"publish","type":"page","link":"https:\/\/foerderverein-sophie-scholl-schule.de\/?page_id=488","title":{"rendered":"Bruchstra\u00dfenfest"},"content":{"rendered":"<p>Das \u201eBruchstra\u00dfen-Fest\u201c ist fester Bestandteil des st\u00e4dtischen Gie\u00dfener Terminkalenders. Ein Helferteam aus Anwohnern und vielen Helfern (nat\u00fcrlich auch uns) stellt jedes Jahr ein abwechslungsreiches Programm zusammen: Eine Mischung aus leckerem Essen und Trinken, Live-Musik, Tombola\u00a0 und gem\u00fctlichem Beisammensein. Der Erl\u00f6s kommt zu gleichen Teilen dem F\u00f6rderverein der Sophie-Scholl-Schule und dem Verein zur F\u00f6rderung und Betreuung sprach-, h\u00f6r- und sehgesch\u00e4digter Kinder der Helmut-von-Bracken-Schule zu Gute.<\/p>\n<p>Das n\u00e4chste Bruchstra\u00dfenfest wird am<\/p>\n<p class=\"p1\"><span class=\"s1\"><b>Samstag, 09. Juni 2018\u00a0<\/b><\/span>\u00a0stattfinden!<\/p>\n<p>Einen guten Einblick in das Fest liefert die nachfolgende Berichterstattung der regionalen Tageszeitungen sowie die <a href=\"http:\/\/www.bruchstrasse-giessen.de\/\" target=\"_blank\" rel=\"noopener noreferrer\">Website zum Bruchstra\u00dfenfest<\/a><\/p>\n<p>&nbsp;<\/p>\n","protected":false},"excerpt":{"rendered":"<p>Das \u201eBruchstra\u00dfen-Fest\u201c ist fester Bestandteil des st\u00e4dtischen Gie\u00dfener Terminkalenders. Ein Helferteam aus Anwohnern und vielen Helfern (nat\u00fcrlich auch uns) stellt jedes Jahr ein abwechslungsreiches Programm zusammen: Eine Mischung aus leckerem [&hellip;]<\/p>\n","protected":false},"author":22,"featured_media":0,"parent":19,"menu_order":20,"comment_status":"open","ping_status":"closed","template":"page-templates\/full-width.php","meta":{"_price":"","_stock":"","_tribe_ticket_header":"","_tribe_default_ticket_provider":"","_tribe_ticket_capacity":"0","_ticket_start_date":"","_ticket_end_date":"","_tribe_ticket_show_description":"","_tribe_ticket_show_not_going":false,"_tribe_ticket_use_global_stock":"","_tribe_ticket_global_stock_level":"","_global_stock_mode":"","_global_stock_cap":"","_tribe_rsvp_for_event":"","_tribe_ticket_going_count":"","_tribe_ticket_not_going_count":"","_tribe_tickets_list":"[]","_tribe_ticket_has_attendee_info_fields":false,"footnotes":"","_tec_slr_enabled":"","_tec_slr_layout":""},"class_list":["post-488","page","type-page","status-publish","hentry"],"ticketed":false,"_links":{"self":[{"href":"https:\/\/foerderverein-sophie-scholl-schule.de\/index.php?rest_route=\/wp\/v2\/pages\/488","targetHints":{"allow":["GET"]}}],"collection":[{"href":"https:\/\/foerderverein-sophie-scholl-schule.de\/index.php?rest_route=\/wp\/v2\/pages"}],"about":[{"href":"https:\/\/foerderverein-sophie-scholl-schule.de\/index.php?rest_route=\/wp\/v2\/types\/page"}],"author":[{"embeddable":true,"href":"https:\/\/foerderverein-sophie-scholl-schule.de\/index.php?rest_route=\/wp\/v2\/users\/22"}],"replies":[{"embeddable":true,"href":"https:\/\/foerderverein-sophie-scholl-schule.de\/index.php?rest_route=%2Fwp%2Fv2%2Fcomments&post=488"}],"version-history":[{"count":12,"href":"https:\/\/foerderverein-sophie-scholl-schule.de\/index.php?rest_route=\/wp\/v2\/pages\/488\/revisions"}],"predecessor-version":[{"id":1061,"href":"https:\/\/foerderverein-sophie-scholl-schule.de\/index.php?rest_route=\/wp\/v2\/pages\/488\/revisions\/1061"}],"up":[{"embeddable":true,"href":"https:\/\/foerderverein-sophie-scholl-schule.de\/index.php?rest_route=\/wp\/v2\/pages\/19"}],"wp:attachment":[{"href":"https:\/\/foerderverein-sophie-scholl-schule.de\/index.php?rest_route=%2Fwp%2Fv2%2Fmedia&parent=488"}],"curies":[{"name":"wp","href":"https:\/\/api.w.org\/{rel}","templated":true}]}}