{"id":251,"date":"2013-07-25T00:41:52","date_gmt":"2013-07-24T22:41:52","guid":{"rendered":"http:\/\/foerderverein-sophie-scholl-schule.de\/?page_id=251"},"modified":"2026-02-22T16:03:27","modified_gmt":"2026-02-22T14:03:27","slug":"spenden","status":"publish","type":"page","link":"https:\/\/foerderverein-sophie-scholl-schule.de\/?page_id=251","title":{"rendered":"Spenden"},"content":{"rendered":"<p>Sie m\u00f6chten unsere vielf\u00e4ltigen Projekte unterst\u00fctzen?\u00a0Sie feiern einen runden Geburtstag und m\u00f6chten zugunsten anderer auf Geschenke verzichten?\u00a0Sie haben einen gr\u00f6\u00dferen Geldbetrag gewonnen oder geerbt und m\u00f6chten einen Teil davon an eine gemeinn\u00fctzige Einrichtung abgeben?\u00a0Oder Sie m\u00f6chten mit einer Spende einfach so zwischendurch ein gutes Werk tun?<\/p>\n<h3>Geldspenden<\/h3>\n<p><span style=\"line-height: 1.714285714; font-size: 1rem;\">Wir freuen uns \u00fcber jede Zuwendung. Einzahlungsbelege bis 100 \u20ac gelten automatisch als Spendenquittung. Bei gr\u00f6\u00dferen Betr\u00e4gen stellen wir Ihnen gern eine Spendenquittung aus; geben Sie daf\u00fcr auf dem \u00dcberweisungstr\u00e4ger bitte Ihre Adresse an.<\/span><\/p>\n<p>Um Ihnen den Weg zur Guten Tat zur erleichtern, weisen wir hier gerne auf unsere Bankverbindung hin:<\/p>\n<p>Konto Nr.: 14 726 209<br \/>\nInstitut: Volksbank Mittelhessen<br \/>\nBLZ: 513 900 00<br \/>\nIBAN: DE98 5139 0000 0014 7262 09<br \/>\nBIC: VBMHDE5FXXX (Gie\u00dfen, Lahn)<\/p>\n<h4>Bildungsspender<\/h4>\n<p>Sie kaufen im Internet ein? So k\u00f6nnen Sie den F\u00f6rderverein unterst\u00fctzen, ohne dass Sie einen Cent bezahlen:\u00a0Bevor Sie auf die Webseite Ihres Internetshops gehen, w\u00e4hlen Sie den <a href=\"https:\/\/www.bildungsspender.de\/sophie-scholl-schule-giessen\" target=\"_blank\" rel=\"noopener\">Bildungsspender f\u00fcr die Sophie-Scholl-Schule<\/a> an. Dort w\u00e4hlen Sie dann den gew\u00fcnschten Internetshop aus und wir erhalten eine Spende. In der Regel sind das zwischen 5% und 10% des Bestellwertes. Wieviel erfahren Sie direkt auf der o.g. Website.<\/p>\n","protected":false},"excerpt":{"rendered":"<p>Sie m\u00f6chten unsere vielf\u00e4ltigen Projekte unterst\u00fctzen?\u00a0Sie feiern einen runden Geburtstag und m\u00f6chten zugunsten anderer auf Geschenke verzichten?\u00a0Sie haben einen gr\u00f6\u00dferen Geldbetrag gewonnen oder geerbt und m\u00f6chten einen Teil davon an [&hellip;]<\/p>\n","protected":false},"author":1,"featured_media":0,"parent":14,"menu_order":20,"comment_status":"closed","ping_status":"closed","template":"page-templates\/full-width.php","meta":{"_price":"","_stock":"","_tribe_ticket_header":"","_tribe_default_ticket_provider":"","_tribe_ticket_capacity":"0","_ticket_start_date":"","_ticket_end_date":"","_tribe_ticket_show_description":"","_tribe_ticket_show_not_going":false,"_tribe_ticket_use_global_stock":"","_tribe_ticket_global_stock_level":"","_global_stock_mode":"","_global_stock_cap":"","_tribe_rsvp_for_event":"","_tribe_ticket_going_count":"","_tribe_ticket_not_going_count":"","_tribe_tickets_list":"[]","_tribe_ticket_has_attendee_info_fields":false,"footnotes":"","_tec_slr_enabled":"","_tec_slr_layout":""},"class_list":["post-251","page","type-page","status-publish","hentry"],"ticketed":false,"_links":{"self":[{"href":"https:\/\/foerderverein-sophie-scholl-schule.de\/index.php?rest_route=\/wp\/v2\/pages\/251","targetHints":{"allow":["GET"]}}],"collection":[{"href":"https:\/\/foerderverein-sophie-scholl-schule.de\/index.php?rest_route=\/wp\/v2\/pages"}],"about":[{"href":"https:\/\/foerderverein-sophie-scholl-schule.de\/index.php?rest_route=\/wp\/v2\/types\/page"}],"author":[{"embeddable":true,"href":"https:\/\/foerderverein-sophie-scholl-schule.de\/index.php?rest_route=\/wp\/v2\/users\/1"}],"replies":[{"embeddable":true,"href":"https:\/\/foerderverein-sophie-scholl-schule.de\/index.php?rest_route=%2Fwp%2Fv2%2Fcomments&post=251"}],"version-history":[{"count":12,"href":"https:\/\/foerderverein-sophie-scholl-schule.de\/index.php?rest_route=\/wp\/v2\/pages\/251\/revisions"}],"predecessor-version":[{"id":1279,"href":"https:\/\/foerderverein-sophie-scholl-schule.de\/index.php?rest_route=\/wp\/v2\/pages\/251\/revisions\/1279"}],"up":[{"embeddable":true,"href":"https:\/\/foerderverein-sophie-scholl-schule.de\/index.php?rest_route=\/wp\/v2\/pages\/14"}],"wp:attachment":[{"href":"https:\/\/foerderverein-sophie-scholl-schule.de\/index.php?rest_route=%2Fwp%2Fv2%2Fmedia&parent=251"}],"curies":[{"name":"wp","href":"https:\/\/api.w.org\/{rel}","templated":true}]}}