{"id":13,"date":"2013-07-01T01:20:17","date_gmt":"2013-06-30T23:20:17","guid":{"rendered":"http:\/\/foerderverein-sophie-scholl-schule.de\/?page_id=13"},"modified":"2013-07-17T00:42:10","modified_gmt":"2013-07-16T22:42:10","slug":"satzung","status":"publish","type":"page","link":"https:\/\/foerderverein-sophie-scholl-schule.de\/?page_id=13","title":{"rendered":"Satzung"},"content":{"rendered":"<p style=\"text-align: left;\">Sie finden auf dieser Seite die vollst\u00e4ndige Vereinssatzung, welche Sie wahlweise auch <a href=\"http:\/\/foerderverein-sophie-scholl-schule.de\/wordpress\/wp-content\/uploads\/2013\/07\/Satzung.pdf\" target=\"_blank\">im pdf-Format<\/a> betrachten k\u00f6nnen.<\/p>\n<hr style=\"width: 50%;\" width=\"50%\" \/>\n<h1 style=\"text-align: center;\">Satzung des F\u00f6rdervereins der Sophie-Scholl-Schule<\/h1>\n<p style=\"text-align: center;\"><strong>beschlossen auf der Gr\u00fcndungsversammlung am 27.11.2000<\/strong><\/p>\n<h2>\u00a7 1 Name und Sitz des Vereins<\/h2>\n<ol>\n<li>Der Verein f\u00fchrt den Namen: <strong>F\u00f6rderverein der Sophie-Scholl-Schule<br \/>\n<\/strong>und hat seinen Sitz in Gie\u00dfen.<\/li>\n<li>Der Verein soll ins Vereinsregister des Amtsgerichtes Gie\u00dfen eingetragen werden. Die Gemeinn\u00fctzigkeit ist beim Finanzamt Gie\u00dfen zu beantragen.<\/li>\n<li>Das Gesch\u00e4ftsjahr ist das Kalenderjahr.<\/li>\n<\/ol>\n<h2>\u00a7 2 Zweck des Vereins<\/h2>\n<ol>\n<li>Der F\u00f6rderverein der Sophie-Scholl-Schule verfolgt ausschlie\u00dflich und unmittelbar gemeinn\u00fctzige und mildt\u00e4tige Zwecke.<br \/>\nDer Satzungszweck wird insbesondere verwirklicht durch:<\/li>\n<\/ol>\n<ul style=\"list-style-type: disc;\">\n<li>F\u00f6rderung der Schulgemeinschaft durch\n<ul style=\"list-style-type: circle;\">\n<li>Pflege des Kontaktes und der aktiven Zusammenarbeit zwischen Eltern, Lehrerschaft, Freunden und F\u00f6rderern sowie dem Tr\u00e4ger der Schule<\/li>\n<li>Aufkl\u00e4rung der \u00d6ffentlichkeit \u00fcber allgemeine und spezifische p\u00e4dagogische Probleme, insbesondere \u00fcber integrativen Unterricht und Jena-Plan-P\u00e4dagogik<\/li>\n<\/ul>\n<\/li>\n<\/ul>\n<ul style=\"list-style-type: disc;\">\n<li>Unterst\u00fctzung der Schule bei der Erf\u00fcllung ihrer p\u00e4dagogischen Aufgaben. Hierzu geh\u00f6ren insbesondere:\n<ul style=\"list-style-type: circle;\">\n<li>materielle und ideelle Hilfen zur Unterst\u00fctzung der p\u00e4dagogischen Arbeit der Schule,<\/li>\n<li>materielle Hilfen f\u00fcr sozial benachteiligte Sch\u00fclerinnen und Sch\u00fcler<\/li>\n<li>materielle Hilfen f\u00fcr die Ausstattung der Schule.<\/li>\n<\/ul>\n<\/li>\n<li>Der Verein ist selbstlos t\u00e4tig, er verfolgt nicht in erster Linie eigenwirtschaftliche Zwecke.<\/li>\n<li>Mittel des Vereins d\u00fcrfen nur f\u00fcr die satzungsm\u00e4\u00dfigen Zwecke verwendet werden. Die Mitglieder erhalten in ihrer Eigenschaft als Mitglieder keinerlei Zuwendung aus Mitteln des Vereins.<\/li>\n<li>Es darf keine Person durch Ausgaben, die dem Zweck des Vereins fremd sind oder durch unverh\u00e4ltnism\u00e4\u00dfig hohe Verg\u00fctungen beg\u00fcnstigt werden.<\/li>\n<\/ul>\n<h2>\u00a7 3 Mitgliedschaft<\/h2>\n<ol>\n<li>Mitglied k\u00f6nnen alle einzelnen Personen, Personengemeinschaften und juristischen Personen werden, die den Zweck des Vereins unterst\u00fctzen wollen.<\/li>\n<li>Die Mitgliedschaft wird erworben durch schriftliche Beitrittserkl\u00e4rung.<\/li>\n<li>Sie endet durch schriftliche Austrittserkl\u00e4rung gegen\u00fcber dem Vorstand, durch Tod oder durch Ausschluss durch den Vorstand, gegen den binnen einer Woche nach Zustellung Einspruch m\u00f6glich ist, \u00fcber den die n\u00e4chste Mitgliederversammlung entscheidet.<\/li>\n<li>Die Mitgliedschaft ist in der Regel mit der Zahlung eines Beitrages verbunden. In Ausnahmef\u00e4llen entscheidet der Vorstand \u00fcber eine teilweise oder vollst\u00e4ndige Beitragsbefreiung. Die H\u00f6he der Beitr\u00e4ge legt die Mitgliederversammlung fest. N\u00e4heres regelt die Beitragsordnung.<\/li>\n<\/ol>\n<h2>\u00a7 4 F\u00f6rdermitgliedschaft<\/h2>\n<p>Reine F\u00f6rdermitgliedschaften sind m\u00f6glich. Die F\u00f6rdermitglieder erhalten einen j\u00e4hrlichen schriftlichen Bericht \u00fcber die T\u00e4tigkeit des Vereins, ansonsten entstehen aus der F\u00f6rdermitgliedschaft keine Rechte.<\/p>\n<h2>\u00a7 5 Organe des Vereins<\/h2>\n<p>Die Organe des Vereins sind die Mitgliederversammlung und der Vorstand.<\/p>\n<h2>\u00a7 6 Der Vorstand<\/h2>\n<ol>\n<li>Der Vorstand besteht aus:\n<ul>\n<li>dem\/der 1. Vorsitzenden<\/li>\n<li>dem\/der stellvertretenden Vorsitzenden<\/li>\n<li>dem\/der Schriftf\u00fcherIn<\/li>\n<li>dem \/der KassenwartIn<\/li>\n<li>dem\/der PressereferentIn<\/li>\n<li>bis zu sechs BeisitzerInnen<\/li>\n<li>dem\/der SchulleiterIn von Amts wegen<\/li>\n<li>einem\/einer VertreterIn des Schultr\u00e4gers<br \/>\nIm Vorstand soll mindestens ein\/e VertreterIn des Schulelternbeirats vertreten sein.<\/li>\n<\/ul>\n<\/li>\n<li>Vorstand des Vereins im Sinne des \u00a7 26 BGB sind der\/die 1. Vorsitzende, der\/die StellvertreterIn und der\/die KassenwartIn. Je zwei von ihnen vertreten gemeinsam den Verein gerichtlich und au\u00dfergerichtlich.<\/li>\n<li>Der Vorstand wird von der Mitgliederversammlung f\u00fcr 2 Jahre gew\u00e4hlt. Wiederwahl ist m\u00f6glich. der Vorstand kann insgesamt oder einzeln abberufen werden, indem die Mitgliederversammlung einen Mi\u00dftrauensantrag stellt und eine\/n NachfolgerIn w\u00e4hlt. Er bleibt in jedem Fall bis zur Neuwahl im Amt.<\/li>\n<li>Aufgaben des Vorstandes sind die F\u00fchrung der laufenden Gesch\u00e4fte des Vereins, die Verwaltung des Vereinsverm\u00f6gens und die Ausf\u00fchrung der Vereinsbeschl\u00fcsse.<\/li>\n<li>\u00dcber die Verwendung der Vereinsmittel entscheidet der Vorstand in eigener Verantwortung.<\/li>\n<li>Der\/Die Kassenwartin verwaltet die Vereinskasse und f\u00fchrt Buch \u00fcber die Einnahmen und Ausgaben.<\/li>\n<li>Der Vorstand ist beschlussf\u00e4hig, wenn mehr als die H\u00e4lfte seiner Mitglieder anwesend ist.<\/li>\n<\/ol>\n<h2>\u00a7 7 Die Mitgliederversammlung<\/h2>\n<ol>\n<li>Die Mitgliederversammlung findet mindestens einmal im Jahr statt.<\/li>\n<li>Die Mitglieder sind unter Einhaltung einer Frist von mindestens zwei Wochen schriftlich einzuladen.<\/li>\n<li>Der Vorstand kann jederzeit eine au\u00dferordentliche Mitgliederversammlung einberufen, wenn das Interesse des Vereins es erfordert und ist dazu verpflichtet, wenn dies 10 % der Mitglieder schriftlich verlangen.<\/li>\n<li>Die Mitgliederversammlung beschlie\u00dft mit einfacher Mehrheit ohne R\u00fccksicht auf die Anzahl der Erschienen. Satzungs\u00e4nderungen k\u00f6nnen nur mit der Zweidrittelmehrheit, die Aufl\u00f6sung des Vereins nur mit Dreiviertelmehrheit der erschienenen Mitglieder beschlossen werden.<\/li>\n<li>In jeder Mitgliederversammlung ist ein Protokoll zu f\u00fchren, das von der Versammlungsleitung zu unterzeichnen ist.<\/li>\n<li>Jedes Mitglied hat eine Stimme auf der Mitgliederversammlung.<\/li>\n<\/ol>\n<h2>\u00a7 8 Aufgaben der Mitgliederversammlung<\/h2>\n<p>Die Mitgliederversammlung hat folgende Aufgaben:<\/p>\n<ol>\n<li>Wahl des Vorstandes<\/li>\n<li>Wahl von zwei Kassenpr\u00fcferInnen,<\/li>\n<li>Entgegennahme des Jahres- und Kassenberichtes des Vorstandes, des Berichtes der Kassenpr\u00fcferInnen und die Abstimmung \u00fcber die Entlastung des Vorstandes.<\/li>\n<li>Festsetzung der Mitgliedsbeitr\u00e4ge,<\/li>\n<li>Vorschl\u00e4ge f\u00fcr die Aufstellung des Haushaltsplanes und die Verabschiedung des Haushaltsplanes,<\/li>\n<li>\u00c4nderung der Satzung,<\/li>\n<li>Aufl\u00f6sung des Vereins<\/li>\n<\/ol>\n<h2>\u00a7 9 Arbeitsgruppen\/Projektgruppen<\/h2>\n<p>Der Vorstand und die Mitgliederversammlung k\u00f6nnen Arbeitsgruppen oder Projektgruppen einrichten, die inhaltliche und\/oder projektorientierte Arbeit f\u00fcr den Verein leisten.<\/p>\n<h2>\u00a7 10 Verm\u00f6gen<\/h2>\n<ol>\n<li>Die Einnahmen und Mittel des Vereins werden ausschliesslich zu Erreichen des Vereinszweckes verwendet.<\/li>\n<li>Es werden nur nachgewiesene Kosten erstattet.<\/li>\n<li>Die Mittel zur Erf\u00fcllung seiner Aufgaben erh\u00e4lt der Verein durch:\n<ul>\n<li>Mitgliedsbeitr\u00e4ge. Es ist ein Mitgliedsbeitrag zu leisten, dessen H\u00f6he die Mitgliederversammlung bestimmt. N\u00e4heres regelt die Beitragssatzung.<\/li>\n<li>Geld- oder Sachspenden \u00f6ffentlicher und privater Stellen,<\/li>\n<li>durch sonstige Zuwendungen.<\/li>\n<\/ul>\n<\/li>\n<\/ol>\n<h2>\u00a7 11 Vereinsaufl\u00f6sung<\/h2>\n<ol>\n<li>Die Aufl\u00f6sung des Vereins erfolgt durch Beschluss der Mitgliederversammlung, wobei drei Viertel der erschienen Mitglieder f\u00fcr die Aufl\u00f6sung stimmen m\u00fcssen.<\/li>\n<li>Sofern die Mitgliederversammlung nichts anderes beschlie\u00dft sind die Mitglieder des gesch\u00e4ftsf\u00fchrenden Vorstandes die Liquidatoren. Jeweils zwei von ihnen sind gemeinsam vertretungsberechtigt.<\/li>\n<li>Bei Aufl\u00f6sung oder Aufhebung des Vereins oder Wegfall der steuerbeg\u00fcnstigten Zwecke ist das Verm\u00f6gen zu steuerbeg\u00fcnstigten, gemeinn\u00fctzigen und mildt\u00e4tigen Zwecken zu verwenden. Beschl\u00fcsse \u00fcber die k\u00fcnftige Verwendung des Verm\u00f6gens d\u00fcrfen erst nach Einwilligung des Finanzamtes ausgef\u00fchrt werden.<\/li>\n<\/ol>\n","protected":false},"excerpt":{"rendered":"<p>Sie finden auf dieser Seite die vollst\u00e4ndige Vereinssatzung, welche Sie wahlweise auch im pdf-Format betrachten k\u00f6nnen. Satzung des F\u00f6rdervereins der Sophie-Scholl-Schule beschlossen auf der Gr\u00fcndungsversammlung am 27.11.2000 \u00a7 1 Name [&hellip;]<\/p>\n","protected":false},"author":1,"featured_media":0,"parent":5,"menu_order":13,"comment_status":"closed","ping_status":"closed","template":"page-templates\/full-width.php","meta":{"_price":"","_stock":"","_tribe_ticket_header":"","_tribe_default_ticket_provider":"","_tribe_ticket_capacity":"0","_ticket_start_date":"","_ticket_end_date":"","_tribe_ticket_show_description":"","_tribe_ticket_show_not_going":false,"_tribe_ticket_use_global_stock":"","_tribe_ticket_global_stock_level":"","_global_stock_mode":"","_global_stock_cap":"","_tribe_rsvp_for_event":"","_tribe_ticket_going_count":"","_tribe_ticket_not_going_count":"","_tribe_tickets_list":"[]","_tribe_ticket_has_attendee_info_fields":false,"footnotes":"","_tec_slr_enabled":"","_tec_slr_layout":""},"class_list":["post-13","page","type-page","status-publish","hentry"],"ticketed":false,"_links":{"self":[{"href":"https:\/\/foerderverein-sophie-scholl-schule.de\/index.php?rest_route=\/wp\/v2\/pages\/13","targetHints":{"allow":["GET"]}}],"collection":[{"href":"https:\/\/foerderverein-sophie-scholl-schule.de\/index.php?rest_route=\/wp\/v2\/pages"}],"about":[{"href":"https:\/\/foerderverein-sophie-scholl-schule.de\/index.php?rest_route=\/wp\/v2\/types\/page"}],"author":[{"embeddable":true,"href":"https:\/\/foerderverein-sophie-scholl-schule.de\/index.php?rest_route=\/wp\/v2\/users\/1"}],"replies":[{"embeddable":true,"href":"https:\/\/foerderverein-sophie-scholl-schule.de\/index.php?rest_route=%2Fwp%2Fv2%2Fcomments&post=13"}],"version-history":[{"count":25,"href":"https:\/\/foerderverein-sophie-scholl-schule.de\/index.php?rest_route=\/wp\/v2\/pages\/13\/revisions"}],"predecessor-version":[{"id":202,"href":"https:\/\/foerderverein-sophie-scholl-schule.de\/index.php?rest_route=\/wp\/v2\/pages\/13\/revisions\/202"}],"up":[{"embeddable":true,"href":"https:\/\/foerderverein-sophie-scholl-schule.de\/index.php?rest_route=\/wp\/v2\/pages\/5"}],"wp:attachment":[{"href":"https:\/\/foerderverein-sophie-scholl-schule.de\/index.php?rest_route=%2Fwp%2Fv2%2Fmedia&parent=13"}],"curies":[{"name":"wp","href":"https:\/\/api.w.org\/{rel}","templated":true}]}}